f p?
4
Let h(r) be the third derivative of 17*r**4/12 - 5*r**3/6 - 23*r**2 - 2. What is the tens digit of h(2)?
6
Let j(d) = 2*d - 20. Let n = 24 - 15. Let l be j(n). Let k(s) = s**3 + 4*s**2 + 2*s - 1. What is the units digit of k(l)?
3
What is the thousands digit of ((-12)/(-14))/1 + 403348/154?
2
Suppose 2*r = -6 - 2, 5*i = 2*r + 8583. What is the hundreds digit of i?
7
Suppose -4*o = 2*z + 137 + 51, -5*z - 525 = -o. Let r = 175 + z. What is the tens digit of r?
7
Suppose 4*w - 110 = -3*d + 37, 2*w + 165 = 3*d. Let v be (-7 + 9)/(2/((-4)/(-1))). Suppose -17 = v*k - d. What is the units digit of k?
9
Suppose 7*k = 3*k + 588. Suppose -h - 5*v = -0*h - k, 505 = 3*h - v. Suppose -5*p + h = 22. What is the tens digit of p?
2
Let q be (-9)/(27/(-42)) - 3. What is the tens digit of q/(-2*(-2)/32)?
8
Suppose 13*q - 714 = 1509. What is the hundreds digit of q?
1
Let j = -99 + 185. Suppose 0 = 3*l + 8 - j. What is the units digit of l?
6
Suppose 24030 = 15*j + 12*j. What is the hundreds digit of j?
8
Suppose 2*q - 2*l - 4206 = -5*l, -5*l - 20 = 0. What is the tens digit of q?
0
Let q(s) = -s**2 - s + 2. Let c be q(13). Let t = 282 + c. What is the units digit of t?
2
Suppose 112*v - 382062 = 38*v. What is the hundreds digit of v?
1
Let l = 1108 - 982. Let y be (-18 + 2/2)*5. Let o = y + l. What is the units digit of o?
1
Suppose -10*t = -8*t - 252. What is the units digit of t?
6
Let g(w) = -w**3 - w**2. Let b be g(-1). Suppose -s - 5 = -0*t + 3*t, b = -s + 3*t + 25. Let o = 12 - s. What is the units digit of o?
2
Let n = 32 - 32. Suppose n = 21*p - 17*p - 604. What is the hundreds digit of p?
1
Let w be ((-24)/64)/(3/(-4))*-20. What is the units digit of 20/w + 0 - (-5 - 1)?
4
What is the units digit of (-3 + 9)/(10/1100)?
0
Let b = 429 + -341. What is the units digit of b?
8
Suppose -2*d + 18 = 12. Suppose -12 = d*u, 5*j + 5*u - 136 = 2*j. What is the units digit of j?
2
Suppose -4*m + 3*m = -3*p - 15, -m = 3*p - 3. Let j(r) = 2 - r**2 - m*r + 14 + 0*r - 7*r. What is the units digit of j(-14)?
4
Let t = -20 - -35. Suppose 8*c - 4*c - 23 = 3*v, 5*v = t. What is the units digit of 0 + (-44)/c*-2?
1
Let d(s) = 7*s**3 + 2*s + 8. Let t be d(-2). Let m = t + 140. What is the tens digit of m?
8
Let f be -2 - -5 - (-2 - 0). Suppose 0 = f*v + 118 + 152. Let p = v + 109. What is the tens digit of p?
5
Suppose 3*h - 6 = 0, -2*h - 74 = 2*r - h. Let y = r - -112. What is the units digit of y?
4
Let h(i) = 4*i**2 + 6*i - 4. Let z be h(10). Suppose 8*l + z = 14*l. What is the units digit of l?
6
Suppose 0 = 3*r + 2*a - 506, 0*a = r + 5*a - 186. Let s = -77 + r. Let q = 127 - s. What is the tens digit of q?
3
What is the tens digit of ((-50)/(-75))/(4/21090)?
1
Suppose 29*n - 73*n = -61512. What is the tens digit of n?
9
Let v(y) = -294*y + 224. What is the thousands digit of v(-4)?
1
Let s = -715 + 1280. What is the units digit of s?
5
Let d(q) = 272*q**2 - 2*q - 1. Let p be d(-1). Suppose -181 - 5 = -3*a + 5*c, 0 = -5*a - 4*c + p. What is the units digit of a?
7
Suppose -694 = -4*c + 2*n, 0*c + 2*c - 348 = 2*n. What is the hundreds digit of c?
1
Let x(s) = -s**3 + 11*s**2 - 10*s - 5. Let a be x(10). Let g(b) = -3*b**2 - 4*b - 5. Let q be g(a). What is the tens digit of (6/(-8))/(3/q)?
1
Let j = 4085 - 2893. What is the hundreds digit of j?
1
Let d(z) = -2*z**3 - z**2 + z + 2. Let o be d(-1). What is the tens digit of o/(-1 - -5) - 6237/(-66)?
9
Suppose -4*y = 4*z - z + 5, y - 3 = -5*z. Let a(c) = 3*c**3 - c**2. Let d be a(z). What is the units digit of 6 + 1 - (1 + d)?
4
Suppose 10*i - 15*i = -55. Suppose i*h + 12 = 13*h. What is the units digit of h?
6
Let p be 1 - (1*-21)/3. Let g = p + 26. Let s = g - 0. What is the units digit of s?
4
Suppose 0 = 23*d + 16*d - 5967. What is the units digit of d?
3
Suppose -4 = 4*f + 4*l, -5*f - 3*l + 1 + 0 = 0. Suppose -8*a = -f*a - 18. What is the tens digit of (16/(-4) + a)*-17?
1
Suppose b - 2454 = -6*v, 5*b - v - 1934 = 10460. What is the units digit of b?
8
Let t(x) = 393*x**3 - x**2 - x + 1. What is the units digit of t(1)?
2
Let z be 4 + (-166)/(-1 - 0). Suppose 0 = 2*j + 3*j - z. What is the tens digit of j?
3
Suppose -53 = -7*m - 18. Let w(i) = 3*i - 3. Let a(g) = -6*g + 5. Let h(z) = 2*a(z) + 5*w(z). What is the units digit of h(m)?
0
Suppose 236 + 7 = 3*h. Let s = 210 - 175. Let f = h - s. What is the units digit of f?
6
Suppose -3*z - 3*f - 1 = -7*f, -z + 2*f = 1. Suppose 2*s - z = 9. What is the units digit of s?
5
Let w be ((-24)/9)/(6/(-45)). Suppose 0 = 4*c - 0*c - w, 1013 = 4*h - 3*c. What is the hundreds digit of h?
2
Let d(z) be the second derivative of z**4/6 - z**2 + 9*z. What is the units digit of d(2)?
6
Suppose 0*q = 2*q + 2*m - 6, 0 = -2*q + m + 6. Suppose 3*j + 233 = 5*p, -q*p - 3*j - 19 = -154. What is the tens digit of p?
4
Let f be 5/(-15) + 44/(-3). Let l be (14 + f)*(-1 + 1). Suppose l = -0*b + 4*b - 56. What is the tens digit of b?
1
Let g(k) = 2*k**3 + 18*k**2 + 7*k - 23. What is the units digit of g(-7)?
4
Suppose 2*y - 8 = -4*k - 30, -2*k - 2 = -2*y. Let v be 32/(-24)*y/2. Suppose 0 = -4*g + u + 55, v*g + 2*u - 38 = 6*u. What is the tens digit of g?
1
Suppose 0*l = -3*k - 2*l + 497, -527 = -3*k + 4*l. Let y = -92 + k. What is the units digit of y?
7
Let h(d) = 57*d**2 - 2*d - 2. What is the units digit of h(-1)?
7
Let p = -2357 - -5394. What is the hundreds digit of p?
0
Let y(m) = -m**3 + 12*m**2 - 11*m + 8. Let t(r) = r**2 + 7*r - 19. Let v be t(-10). Let o be y(v). Suppose -6*w = o - 80. What is the units digit of w?
2
Let m be ((-9)/1)/(1 - 2). Let f = -9 + m. Suppose 3*n - 45 = 3*i, f*n - 3*i = 2*n - 25. What is the units digit of n?
4
Let a = 59 + -57. Let t be (-4)/14 + (-30)/(-7). Suppose 10 = x - 4*w, -a*w + 10 - t = 5*x. What is the units digit of x?
2
Let j(k) = -3*k**2 - 52*k + 24. What is the tens digit of j(-15)?
2
Let w(s) = 6*s**2 + 34*s - 482. What is the units digit of w(13)?
4
Let l = 13 + -12. Let a(v) = -3 + 3 + l + 6*v - 5*v. What is the units digit of a(5)?
6
Let l(a) = a**3 + 15*a**2 - 20*a - 12. Let k be l(-16). Let y = 82 - k. What is the tens digit of y?
3
Let q(a) = 3*a**3 + 4*a + 595. What is the hundreds digit of q(0)?
5
Suppose -2*c = -11*c. Let v = c + 5. What is the units digit of v?
5
Let d(h) = h**2 + 12*h. Let f be d(-12). Suppose 7*c - 14*c + 420 = f. What is the units digit of c?
0
Let s = 1100 + -763. What is the units digit of s?
7
Suppose -5*n + 7 = 4*m - 39, 16 = 2*m - n. Suppose 0 = 4*p - m*p + 965. What is the hundreds digit of p?
1
Let r = -52 - -59. What is the units digit of 730/r + 24/(-84)?
4
Let r be (1 - 0)*(8 - 1). Suppose -r*n = -3*n. Let t = 8 + n. What is the units digit of t?
8
Let b = -240 - -405. Suppose 0 = -2*q - 4, -4*c - 4*q = -0*c - 16. Suppose -t - b = -c*t. What is the units digit of t?
3
Suppose 0 = 11*v - 13*v + 682. What is the units digit of v?
1
Let u(h) = -17*h - 8. Let v(q) = -q**2 + 9*q + 14. Let x be v(11). What is the hundreds digit of u(x)?
1
Let l(k) be the third derivative of -4*k**4/3 + k**3/6 + 7*k**2. Let i be l(-2). Suppose 5*h - i = 5. What is the tens digit of h?
1
Suppose -43*b - 19536 = -49*b. What is the tens digit of b?
5
Let w be (3 - -119)/(4/4). Let y = w - 16. What is the units digit of y?
6
Suppose 0 = 8*h - 0*h - 7464. Suppose -z + h = 4*l, 3*l = 5*l + 3*z - 459. What is the tens digit of l?
3
Let y be (-1)/3 + (-76)/(-12). Let q = y - 4. What is the units digit of 12/(-15)*(q - 37)?
8
What is the units digit of 2 + (-11 + 2804 - 11)?
4
What is the thousands digit of (1386 - -4) + (-2 - -6)/4?
1
Suppose 0 = 2*p + 3*p + 5880. Let u be (2/(-4))/(12/p). Suppose -4*l + u + 7 = 0. What is the units digit of l?
4
What is the hundreds digit of -1 + (-18)/(-6) + 383?
3
What is the hundreds digit of (1429/2)/(-8*(-6)/192)?
8
What is the tens digit of (360/(-70))/((-535)/105 - -5)?
5
Let k = -1 - -5. Suppose -k*y = -328 + 64. What is the tens digit of y?
6
Suppose -v - 780 = -7*v. Let r be v + (-1)/(1/(-4)). What is the units digit of 10/30 + r/3?
5
Suppose -5*u = -4*t - 7, 4*u - 9 = 4*t + u. What is the tens digit of t + 0 + 2 + 57?
5
Suppose 6*f - 5*f - 5*w = 394, f = -w + 412. What is the tens digit of f?
0
Let b be (-6)/8 - (-35)/(-28). Let l(h) = -h**2 - 2*h. Let x be l(b). Suppose -w = -x*w - 2. W